
{"id":424,"date":"2022-07-18T12:45:32","date_gmt":"2022-07-18T10:45:32","guid":{"rendered":"https:\/\/przedszkole91.edu.wroclaw.pl\/?page_id=424"},"modified":"2023-02-13T21:42:38","modified_gmt":"2023-02-13T20:42:38","slug":"oferta","status":"publish","type":"page","link":"https:\/\/przedszkole91.edu.wroclaw.pl\/index.php\/oferta\/","title":{"rendered":"Oferta"},"content":{"rendered":"<div class=\"wpb-content-wrapper\"><p>[vc_row][vc_column][vc_column_text]<\/p>\n<h2 class=\"elementor-heading-title elementor-size-default\"><span style=\"font-size: 18pt\">Program adaptacyjny<\/span><\/h2>\n<p>[\/vc_column_text][vc_column_text]<\/p>\n<p style=\"text-align: left\"><span style=\"font-size: 14pt\">Program obejmuje mo\u017cliwo\u015b\u0107 zwiedzenia przedszkola po telefonicznym um\u00f3wieniu si\u0119 z dyrektorem, mo\u017cliwo\u015b\u0107 uczestnictwa dziecka i rodzica w zaj\u0119ciach najm\u0142odszej grupy przedszkolak\u00f3w, w sierpniu spotkanie informacyjne dla rodzic\u00f3w dzieci przyj\u0119tych na nowy rok szkolny (wyk\u0142ad specjalisty: logopeda, psycholog).<\/span><\/p>\n<p><span style=\"font-size: 14pt\">W maju i w czerwcu zapraszamy do wsp\u00f3lnych zabaw w ogrodzie przedszkolnym.<\/span>[\/vc_column_text][vc_separator color=&#8221;custom&#8221; border_width=&#8221;2&#8243; el_width=&#8221;60&#8243; css_animation=&#8221;bounceInRight&#8221; accent_color=&#8221;#a10202&#8243;][\/vc_column][\/vc_row][vc_row][vc_column][vc_column_text]<\/p>\n<h2 class=\"elementor-heading-title elementor-size-default\"><span style=\"font-size: 18pt\">Program wychowania przedszkolnego &#8222;Ku dziecku&#8221; Barbary Bilewicz-Ku\u017ani i Teresy Parczewskiej<\/span><\/h2>\n<p>[\/vc_column_text][vc_column_text]<\/p>\n<p style=\"text-align: left\"><span style=\"font-size: 14pt\">Program stymuluje samodzielno\u015b\u0107 poznawcz\u0105 i dzia\u0142aniow\u0105 dziecka, jego kreatywno\u015b\u0107 i umiej\u0119tno\u015b\u0107 wsp\u00f3\u0142pracy w zespole.<\/span><\/p>\n<p>[\/vc_column_text][vc_separator color=&#8221;custom&#8221; border_width=&#8221;2&#8243; el_width=&#8221;60&#8243; css_animation=&#8221;bounceInRight&#8221; accent_color=&#8221;#a10202&#8243;][\/vc_column][\/vc_row][vc_row][vc_column][vc_column_text]<\/p>\n<h2 class=\"elementor-heading-title elementor-size-default\"><span style=\"font-size: 18pt\">Program wychowawczy<\/span><\/h2>\n<p>[\/vc_column_text][vc_column_text]<\/p>\n<p style=\"text-align: left\"><span style=\"font-size: 14pt\">Program wspiera dzieci\u0119ce pr\u00f3by zrozumienia \u015bwiata i poszukiwania w nim swojej drogi &#8211; wi\u0119cej informacji w linku(klikni\u0119cie w wybrany link spowoduje pobranie plik\u00f3w PDF z naszego serwera).<\/span><\/p>\n<p><span style=\"font-size: 14pt\"><a href=\"https:\/\/przedszkole91.edu.wroclaw.pl\/wp-content\/uploads\/sites\/31\/2022\/07\/Program-Wychowawczy.pdf\">Program wychowawczy (PDF 414KB)<\/a><\/span>[\/vc_column_text][vc_separator color=&#8221;custom&#8221; border_width=&#8221;2&#8243; el_width=&#8221;60&#8243; css_animation=&#8221;bounceInRight&#8221; accent_color=&#8221;#a10202&#8243;][\/vc_column][\/vc_row][vc_row][vc_column][vc_column_text]<\/p>\n<h2 class=\"elementor-heading-title elementor-size-default\"><span style=\"font-size: 18pt\">Diagnoza i fachowa pomoc dzieciom zagro\u017conym dysleksj\u0105<\/span><\/h2>\n<p>[\/vc_column_text][vc_column_text]<\/p>\n<div class=\"elementor-element elementor-element-cee452d elementor-widget elementor-widget-heading\" data-id=\"cee452d\" data-element_type=\"widget\" data-widget_type=\"heading.default\">\n<div class=\"elementor-widget-container\">\n<p class=\"elementor-heading-title elementor-size-default\"><span style=\"font-size: 14pt\">Zaj\u0119cia dydaktyczne prowadzone przez nauczycielki stymuluj\u0105 r\u00f3\u017cne rodzaje inteligencji dziecka, rozwijaj\u0105ce jego zainteresowania:<\/span><\/p>\n<\/div>\n<\/div>\n<div class=\"elementor-element elementor-element-6424fd7 elementor-icon-list--layout-traditional elementor-list-item-link-full_width elementor-widget elementor-widget-icon-list\" data-id=\"6424fd7\" data-element_type=\"widget\" data-widget_type=\"icon-list.default\">\n<div class=\"elementor-widget-container\">\n<ul class=\"elementor-icon-list-items\">\n<li class=\"elementor-icon-list-item\"><span style=\"font-size: 14pt\"><i class=\"fas fa-check\" aria-hidden=\"true\"><\/i><span class=\"elementor-icon-list-text\">teatralne<\/span><\/span><\/li>\n<\/ul>\n<\/div>\n<\/div>\n<div class=\"elementor-element elementor-element-e6eba80 elementor-icon-list--layout-traditional elementor-list-item-link-full_width elementor-widget elementor-widget-icon-list\" data-id=\"e6eba80\" data-element_type=\"widget\" data-widget_type=\"icon-list.default\">\n<div class=\"elementor-widget-container\">\n<ul class=\"elementor-icon-list-items\">\n<li class=\"elementor-icon-list-item\"><span style=\"font-size: 14pt\"><i class=\"fas fa-check\" aria-hidden=\"true\"><\/i><span class=\"elementor-icon-list-text\">plastyczne<\/span><\/span><\/li>\n<\/ul>\n<\/div>\n<\/div>\n<div class=\"elementor-element elementor-element-5aea17b elementor-icon-list--layout-traditional elementor-list-item-link-full_width elementor-widget elementor-widget-icon-list\" data-id=\"5aea17b\" data-element_type=\"widget\" data-widget_type=\"icon-list.default\">\n<div class=\"elementor-widget-container\">\n<ul class=\"elementor-icon-list-items\">\n<li class=\"elementor-icon-list-item\"><span style=\"font-size: 14pt\"><i class=\"fas fa-check\" aria-hidden=\"true\"><\/i><span class=\"elementor-icon-list-text\">sportowe<\/span><\/span><\/li>\n<\/ul>\n<\/div>\n<\/div>\n<div class=\"elementor-element elementor-element-eb8bb3f elementor-icon-list--layout-traditional elementor-list-item-link-full_width elementor-widget elementor-widget-icon-list\" data-id=\"eb8bb3f\" data-element_type=\"widget\" data-widget_type=\"icon-list.default\">\n<div class=\"elementor-widget-container\">\n<ul class=\"elementor-icon-list-items\">\n<li class=\"elementor-icon-list-item\"><span style=\"font-size: 14pt\"><i class=\"fas fa-check\" aria-hidden=\"true\"><\/i><span class=\"elementor-icon-list-text\">przyrodnicze<\/span><\/span><\/li>\n<\/ul>\n<\/div>\n<\/div>\n<div class=\"elementor-element elementor-element-3d851b0 elementor-icon-list--layout-traditional elementor-list-item-link-full_width elementor-widget elementor-widget-icon-list\" data-id=\"3d851b0\" data-element_type=\"widget\" data-widget_type=\"icon-list.default\">\n<div class=\"elementor-widget-container\">\n<ul class=\"elementor-icon-list-items\">\n<li class=\"elementor-icon-list-item\"><span style=\"font-size: 14pt\"><i class=\"fas fa-check\" aria-hidden=\"true\"><\/i><span class=\"elementor-icon-list-text\">ekologiczne<\/span><\/span><\/li>\n<\/ul>\n<\/div>\n<\/div>\n<div class=\"elementor-element elementor-element-c79e747 elementor-icon-list--layout-traditional elementor-list-item-link-full_width elementor-widget elementor-widget-icon-list\" data-id=\"c79e747\" data-element_type=\"widget\" data-widget_type=\"icon-list.default\">\n<div class=\"elementor-widget-container\">\n<ul class=\"elementor-icon-list-items\">\n<li class=\"elementor-icon-list-item\"><span style=\"font-size: 14pt\"><i class=\"fas fa-check\" aria-hidden=\"true\"><\/i><span class=\"elementor-icon-list-text\">muzyczne<\/span><\/span><\/li>\n<\/ul>\n<\/div>\n<\/div>\n<p>[\/vc_column_text][vc_separator color=&#8221;custom&#8221; border_width=&#8221;2&#8243; el_width=&#8221;60&#8243; css_animation=&#8221;bounceInRight&#8221; accent_color=&#8221;#a10202&#8243;][\/vc_column][\/vc_row][vc_row][vc_column][vc_column_text]<\/p>\n<h2 class=\"elementor-heading-title elementor-size-default\"><span style=\"font-size: 18pt\">Zaj\u0119cia dodatkowe<\/span><\/h2>\n<p>[\/vc_column_text][vc_column_text]<\/p>\n<div class=\"elementor-element elementor-element-cee452d elementor-widget elementor-widget-heading\" data-id=\"cee452d\" data-element_type=\"widget\" data-widget_type=\"heading.default\">\n<div class=\"elementor-widget-container\">\n<div class=\"elementor-element elementor-element-9018c9b elementor-widget elementor-widget-heading\" data-id=\"9018c9b\" data-element_type=\"widget\" data-widget_type=\"heading.default\">\n<div class=\"elementor-widget-container\">\n<p class=\"elementor-heading-title elementor-size-default\"><span style=\"font-size: 14pt\">Oferujemy szeroki wachlarz zaj\u0119\u0107 dodatkowych. Proponujemy pa\u0144stwa dzieciom nast\u0119puj\u0105ce zaj\u0119cia dodatkowe:<\/span><\/p>\n<\/div>\n<\/div>\n<div class=\"elementor-element elementor-element-0d9a7ba elementor-icon-list--layout-traditional elementor-list-item-link-full_width elementor-widget elementor-widget-icon-list\" data-id=\"0d9a7ba\" data-element_type=\"widget\" data-widget_type=\"icon-list.default\">\n<div class=\"elementor-widget-container\">\n<ul class=\"elementor-icon-list-items\">\n<li class=\"elementor-icon-list-item\"><span style=\"font-size: 14pt\"><i class=\"fas fa-check\" aria-hidden=\"true\"><\/i><span class=\"elementor-icon-list-text\">Gimnastyka og\u00f3lnorozwojowa<\/span><\/span><\/li>\n<\/ul>\n<\/div>\n<\/div>\n<div class=\"elementor-element elementor-element-f1bf285 elementor-icon-list--layout-traditional elementor-list-item-link-full_width elementor-widget elementor-widget-icon-list\" data-id=\"f1bf285\" data-element_type=\"widget\" data-widget_type=\"icon-list.default\">\n<div class=\"elementor-widget-container\">\n<ul class=\"elementor-icon-list-items\">\n<li class=\"elementor-icon-list-item\"><span style=\"font-size: 14pt\"><i class=\"fas fa-check\" aria-hidden=\"true\"><\/i><span class=\"elementor-icon-list-text\">Zaj\u0119cia logopedyczne<\/span><\/span><\/li>\n<\/ul>\n<\/div>\n<\/div>\n<div class=\"elementor-element elementor-element-060f6f7 elementor-icon-list--layout-traditional elementor-list-item-link-full_width elementor-widget elementor-widget-icon-list\" data-id=\"060f6f7\" data-element_type=\"widget\" data-widget_type=\"icon-list.default\">\n<div class=\"elementor-widget-container\">\n<ul class=\"elementor-icon-list-items\">\n<li class=\"elementor-icon-list-item\"><span style=\"font-size: 14pt\"><i class=\"fas fa-check\" aria-hidden=\"true\"><\/i><span class=\"elementor-icon-list-text\">Religia (na wniosek rodzic\u00f3w)<\/span><\/span><\/li>\n<\/ul>\n<\/div>\n<\/div>\n<div class=\"elementor-element elementor-element-d45520b elementor-icon-list--layout-traditional elementor-list-item-link-full_width elementor-widget elementor-widget-icon-list\" data-id=\"d45520b\" data-element_type=\"widget\" data-widget_type=\"icon-list.default\">\n<div class=\"elementor-widget-container\">\n<ul class=\"elementor-icon-list-items\">\n<li class=\"elementor-icon-list-item\"><span style=\"font-size: 14pt\"><i class=\"fas fa-check\" aria-hidden=\"true\"><\/i><span class=\"elementor-icon-list-text\">J\u0119zyk angielski<\/span><\/span><\/li>\n<\/ul>\n<\/div>\n<\/div>\n<div class=\"elementor-element elementor-element-7fe8aa6 elementor-icon-list--layout-traditional elementor-list-item-link-full_width elementor-widget elementor-widget-icon-list\" data-id=\"7fe8aa6\" data-element_type=\"widget\" data-widget_type=\"icon-list.default\">\n<div class=\"elementor-widget-container\">\n<ul class=\"elementor-icon-list-items\">\n<li class=\"elementor-icon-list-item\"><span style=\"font-size: 14pt\"><i class=\"fas fa-check\" aria-hidden=\"true\"><\/i><span class=\"elementor-icon-list-text\">Rytmika &#8211; spotkania z muzyk\u0105 i ta\u0144cem<\/span><\/span><\/li>\n<\/ul>\n<\/div>\n<\/div>\n<div class=\"elementor-element elementor-element-909240e elementor-icon-list--layout-traditional elementor-list-item-link-full_width elementor-widget elementor-widget-icon-list\" data-id=\"909240e\" data-element_type=\"widget\" data-widget_type=\"icon-list.default\">\n<div class=\"elementor-widget-container\">\n<ul class=\"elementor-icon-list-items\">\n<li class=\"elementor-icon-list-item\"><span style=\"font-size: 14pt\"><i class=\"fas fa-check\" aria-hidden=\"true\"><\/i><span class=\"elementor-icon-list-text\">&#8222;Mali wspaniali&#8221; &#8211; zaj\u0119cia ruchowe z elementami sztuk walki<\/span><\/span><\/li>\n<\/ul>\n<\/div>\n<\/div>\n<\/div>\n<\/div>\n<p>[\/vc_column_text][vc_separator color=&#8221;custom&#8221; border_width=&#8221;2&#8243; el_width=&#8221;60&#8243; css_animation=&#8221;bounceInRight&#8221; accent_color=&#8221;#a10202&#8243;][\/vc_column][\/vc_row][vc_row][vc_column][vc_column_text]<\/p>\n<h2 class=\"elementor-heading-title elementor-size-default\"><span style=\"font-size: 18pt\">Wsp\u00f3\u0142praca ze Szko\u0142\u0105 Podstawow\u0105 Nr 76<\/span><\/h2>\n<p>[\/vc_column_text][vc_column_text]<span style=\"font-size: 14pt\">Wsp\u00f3\u0142praca u\u0142atwia dzieciom bezstresowe przej\u015bcie na kolejny szczebel edukacji.<\/span>[\/vc_column_text][vc_separator color=&#8221;custom&#8221; border_width=&#8221;2&#8243; el_width=&#8221;60&#8243; css_animation=&#8221;bounceInRight&#8221; accent_color=&#8221;#a10202&#8243;][\/vc_column][\/vc_row][vc_row][vc_column][vc_column_text]<\/p>\n<h2 class=\"elementor-heading-title elementor-size-default\"><span style=\"font-size: 18pt\">Bogaty kalendarz imprez i uroczysto\u015bci przedszkolnych<\/span><\/h2>\n<p>[\/vc_column_text][vc_column_text]<span style=\"font-size: 14pt\">Kalendarz sta\u0142ych wydarze\u0144 przedszkolnych obejmuje mi\u0119dzy innymi jesienne i wiosenne spotkania integracyjne na linii Rodzice &#8211; Dzieci &#8211; Nauczyciele.<\/span>[\/vc_column_text][vc_separator color=&#8221;custom&#8221; border_width=&#8221;2&#8243; el_width=&#8221;60&#8243; css_animation=&#8221;bounceInRight&#8221; accent_color=&#8221;#a10202&#8243;][\/vc_column][\/vc_row][vc_row][vc_column][vc_column_text]<\/p>\n<h2 class=\"elementor-heading-title elementor-size-default\"><span style=\"font-size: 18pt\">Teatrzyki, wycieczki<\/span><\/h2>\n<p>[\/vc_column_text][vc_column_text]<span style=\"font-size: 14pt\">Teatrzyki okoliczno\u015bciowe goszcz\u0105ce w przedszkolu, wycieczki po Wroc\u0142awiu, wycieczka autokarowa z okazji Dnia Dziecka.<\/span>[\/vc_column_text][vc_separator color=&#8221;custom&#8221; border_width=&#8221;2&#8243; el_width=&#8221;60&#8243; css_animation=&#8221;bounceInRight&#8221; accent_color=&#8221;#a10202&#8243;][\/vc_column][\/vc_row][vc_row][vc_column][vc_column_text]<\/p>\n<h2 class=\"elementor-heading-title elementor-size-default\"><span style=\"font-size: 18pt\">Przedszkole w sieci plac\u00f3wek promuj\u0105cych zdrowie<\/span><\/h2>\n<p>[\/vc_column_text][vc_column_text]<span style=\"font-size: 14pt\">Od wielu lat nale\u017cymy do sieci plac\u00f3wek promuj\u0105cych zdrowie. Prowadzimy dzia\u0142ania z zakresu zdrowego stylu \u017cycia, racjonalnego \u017cywienia oraz bezpiecze\u0144stwa.<\/span>[\/vc_column_text][vc_separator color=&#8221;custom&#8221; border_width=&#8221;2&#8243; el_width=&#8221;60&#8243; css_animation=&#8221;bounceInRight&#8221; accent_color=&#8221;#a10202&#8243;][\/vc_column][\/vc_row][vc_row][vc_column][vc_column_text]<\/p>\n<h2 class=\"elementor-heading-title elementor-size-default\">Aktywny udzia\u0142 w og\u00f3lnopolskich i \u015brodowiskowych kampaniach spo\u0142ecznych<\/h2>\n<p>[\/vc_column_text][vc_column_text]<\/p>\n<div class=\"elementor-element elementor-element-843cc5d elementor-widget elementor-widget-heading\" data-id=\"843cc5d\" data-element_type=\"widget\" data-widget_type=\"heading.default\">\n<div class=\"elementor-widget-container\">\n<p class=\"elementor-heading-title elementor-size-default\"><span style=\"font-size: 14pt\">Bierzemy aktywny udzia\u0142 w r\u00f3\u017cnych, og\u00f3lnopolskich i \u015brodowiskowych kampaniach spo\u0142ecznych. Jak do tej pory wzi\u0119li\u015bmy ju\u017c udzia\u0142 w nast\u0119puj\u0105cych akcjach:<\/span><\/p>\n<\/div>\n<\/div>\n<div class=\"elementor-element elementor-element-3b95098 elementor-icon-list--layout-traditional elementor-list-item-link-full_width elementor-widget elementor-widget-icon-list\" data-id=\"3b95098\" data-element_type=\"widget\" data-widget_type=\"icon-list.default\">\n<div class=\"elementor-widget-container\">\n<ul class=\"elementor-icon-list-items\">\n<li class=\"elementor-icon-list-item\"><span style=\"font-size: 14pt\"><i class=\"fas fa-check\" aria-hidden=\"true\"><\/i><span class=\"elementor-icon-list-text\">&#8222;Nakr\u0119tki dla Hospicjum&#8221;<\/span><\/span><\/li>\n<\/ul>\n<\/div>\n<\/div>\n<div class=\"elementor-element elementor-element-15ef0b8 elementor-icon-list--layout-traditional elementor-list-item-link-full_width elementor-widget elementor-widget-icon-list\" data-id=\"15ef0b8\" data-element_type=\"widget\" data-widget_type=\"icon-list.default\">\n<div class=\"elementor-widget-container\">\n<ul class=\"elementor-icon-list-items\">\n<li class=\"elementor-icon-list-item\"><span style=\"font-size: 14pt\"><i class=\"fas fa-check\" aria-hidden=\"true\"><\/i><span class=\"elementor-icon-list-text\">&#8222;Pola Nadziei&#8221;<\/span><\/span><\/li>\n<\/ul>\n<\/div>\n<\/div>\n<div class=\"elementor-element elementor-element-1277f5c elementor-icon-list--layout-traditional elementor-list-item-link-full_width elementor-widget elementor-widget-icon-list\" data-id=\"1277f5c\" data-element_type=\"widget\" data-widget_type=\"icon-list.default\">\n<div class=\"elementor-widget-container\">\n<ul class=\"elementor-icon-list-items\">\n<li class=\"elementor-icon-list-item\"><span style=\"font-size: 14pt\"><i class=\"fas fa-check\" aria-hidden=\"true\"><\/i><span class=\"elementor-icon-list-text\">&#8222;Ca\u0142y Wroc\u0142aw czyta&#8221;<\/span><\/span><\/li>\n<\/ul>\n<\/div>\n<\/div>\n<div class=\"elementor-element elementor-element-180520d elementor-icon-list--layout-traditional elementor-list-item-link-full_width elementor-widget elementor-widget-icon-list\" data-id=\"180520d\" data-element_type=\"widget\" data-widget_type=\"icon-list.default\">\n<div class=\"elementor-widget-container\">\n<ul class=\"elementor-icon-list-items\">\n<li class=\"elementor-icon-list-item\"><span style=\"font-size: 14pt\"><i class=\"fas fa-check\" aria-hidden=\"true\"><\/i><span class=\"elementor-icon-list-text\">&#8222;Mamo, tato, wol\u0119 wod\u0119&#8221;<\/span><\/span><\/li>\n<\/ul>\n<\/div>\n<\/div>\n<div class=\"elementor-element elementor-element-58c296b elementor-icon-list--layout-traditional elementor-list-item-link-full_width elementor-widget elementor-widget-icon-list\" data-id=\"58c296b\" data-element_type=\"widget\" data-widget_type=\"icon-list.default\">\n<div class=\"elementor-widget-container\">\n<ul class=\"elementor-icon-list-items\">\n<li class=\"elementor-icon-list-item\"><span style=\"font-size: 14pt\"><i class=\"fas fa-check\" aria-hidden=\"true\"><\/i><span class=\"elementor-icon-list-text\">&#8222;Czyste powietrze wok\u00f3\u0142 nas&#8221;<\/span><\/span><\/li>\n<\/ul>\n<\/div>\n<\/div>\n<p>[\/vc_column_text][vc_separator color=&#8221;custom&#8221; border_width=&#8221;2&#8243; el_width=&#8221;60&#8243; css_animation=&#8221;bounceInRight&#8221; accent_color=&#8221;#a10202&#8243;][\/vc_column][\/vc_row]<\/p>\n<\/div>","protected":false},"excerpt":{"rendered":"<p>[vc_row][vc_column][vc_column_text] Program adaptacyjny [\/vc_column_text][vc_column_text] Program obejmuje mo\u017cliwo\u015b\u0107 zwiedzenia przedszkola po telefonicznym um\u00f3wieniu si\u0119 z dyrektorem, mo\u017cliwo\u015b\u0107 uczestnictwa dziecka i rodzica w zaj\u0119ciach najm\u0142odszej grupy przedszkolak\u00f3w, w sierpniu spotkanie informacyjne dla [&hellip;]<\/p>\n","protected":false},"author":72,"featured_media":0,"parent":0,"menu_order":0,"comment_status":"closed","ping_status":"closed","template":"","meta":{"footnotes":""},"class_list":["post-424","page","type-page","status-publish","hentry","clearfix"],"_links":{"self":[{"href":"https:\/\/przedszkole91.edu.wroclaw.pl\/index.php\/wp-json\/wp\/v2\/pages\/424","targetHints":{"allow":["GET"]}}],"collection":[{"href":"https:\/\/przedszkole91.edu.wroclaw.pl\/index.php\/wp-json\/wp\/v2\/pages"}],"about":[{"href":"https:\/\/przedszkole91.edu.wroclaw.pl\/index.php\/wp-json\/wp\/v2\/types\/page"}],"author":[{"embeddable":true,"href":"https:\/\/przedszkole91.edu.wroclaw.pl\/index.php\/wp-json\/wp\/v2\/users\/72"}],"replies":[{"embeddable":true,"href":"https:\/\/przedszkole91.edu.wroclaw.pl\/index.php\/wp-json\/wp\/v2\/comments?post=424"}],"version-history":[{"count":19,"href":"https:\/\/przedszkole91.edu.wroclaw.pl\/index.php\/wp-json\/wp\/v2\/pages\/424\/revisions"}],"predecessor-version":[{"id":1129,"href":"https:\/\/przedszkole91.edu.wroclaw.pl\/index.php\/wp-json\/wp\/v2\/pages\/424\/revisions\/1129"}],"wp:attachment":[{"href":"https:\/\/przedszkole91.edu.wroclaw.pl\/index.php\/wp-json\/wp\/v2\/media?parent=424"}],"curies":[{"name":"wp","href":"https:\/\/api.w.org\/{rel}","templated":true}]}}