
{"id":459,"date":"2022-07-20T08:03:25","date_gmt":"2022-07-20T06:03:25","guid":{"rendered":"https:\/\/przedszkole91.edu.wroclaw.pl\/?page_id=459"},"modified":"2026-02-23T13:48:45","modified_gmt":"2026-02-23T12:48:45","slug":"rada-rodzicow","status":"publish","type":"page","link":"https:\/\/przedszkole91.edu.wroclaw.pl\/index.php\/rada-rodzicow\/","title":{"rendered":"Rada rodzic\u00f3w"},"content":{"rendered":"<div class=\"wpb-content-wrapper\"><p>[vc_row][vc_column][vc_column_text css=&#8221;&#8221;]<\/p>\n<h2 class=\"elementor-heading-title elementor-size-default\"><span style=\"font-size: 18pt\">Rada Rodzic\u00f3w<\/span><\/h2>\n<p>[\/vc_column_text][vc_column_text]<span style=\"font-size: 14pt\">Ka\u017cdego roku pieni\u0105dze z Rady Rodzic\u00f3w s\u0105 przeznaczane na m.in. teatrzyki, paczki miko\u0142ajowe, wycieczki, bal karnawa\u0142owy etc.<\/span>[\/vc_column_text][vc_separator color=&#8221;custom&#8221; border_width=&#8221;2&#8243; el_width=&#8221;70&#8243; accent_color=&#8221;#a10202&#8243;][\/vc_column][\/vc_row][vc_row][vc_column][vc_column_text]<\/p>\n<h2 class=\"elementor-heading-title elementor-size-default\"><span style=\"font-size: 18pt\">Dane do przelewu<\/span><\/h2>\n<p>[\/vc_column_text][vc_column_text]<span style=\"font-size: 14pt\">PRZEDSZKOLE NR 91<\/span><br \/>\n<span style=\"font-size: 14pt\">ul. Zaporoska 52 a<\/span><br \/>\n<span style=\"font-size: 14pt\">53-416 WROC\u0141AW<\/span><br \/>\n<span style=\"font-size: 14pt\">RADA RODZIC\u00d3W<\/span><br \/>\n<span style=\"font-size: 14pt\">BANK Pekao 86 1240 6670 1111 0010 8567 3820<\/span><br \/>\n<span style=\"font-size: 14pt\">TYTU\u0141EM: NAZWISKO I IMI\u0118 DZIECKA GR I-V<\/span><br \/>\n<span style=\"font-size: 14pt\">SK\u0141ADKA RATALNA\/ROCZNA NA RAD\u0118 RODZIC\u00d3W<\/span>[\/vc_column_text][\/vc_column][\/vc_row]<\/p>\n<\/div>","protected":false},"excerpt":{"rendered":"<p>[vc_row][vc_column][vc_column_text css=&#8221;&#8221;] Rada Rodzic\u00f3w [\/vc_column_text][vc_column_text]Ka\u017cdego roku pieni\u0105dze z Rady Rodzic\u00f3w s\u0105 przeznaczane na m.in. teatrzyki, paczki miko\u0142ajowe, wycieczki, bal karnawa\u0142owy etc.[\/vc_column_text][vc_separator color=&#8221;custom&#8221; border_width=&#8221;2&#8243; el_width=&#8221;70&#8243; accent_color=&#8221;#a10202&#8243;][\/vc_column][\/vc_row][vc_row][vc_column][vc_column_text] Dane do przelewu [\/vc_column_text][vc_column_text]PRZEDSZKOLE NR [&hellip;]<\/p>\n","protected":false},"author":72,"featured_media":0,"parent":0,"menu_order":0,"comment_status":"closed","ping_status":"closed","template":"","meta":{"footnotes":""},"class_list":["post-459","page","type-page","status-publish","hentry","clearfix"],"_links":{"self":[{"href":"https:\/\/przedszkole91.edu.wroclaw.pl\/index.php\/wp-json\/wp\/v2\/pages\/459","targetHints":{"allow":["GET"]}}],"collection":[{"href":"https:\/\/przedszkole91.edu.wroclaw.pl\/index.php\/wp-json\/wp\/v2\/pages"}],"about":[{"href":"https:\/\/przedszkole91.edu.wroclaw.pl\/index.php\/wp-json\/wp\/v2\/types\/page"}],"author":[{"embeddable":true,"href":"https:\/\/przedszkole91.edu.wroclaw.pl\/index.php\/wp-json\/wp\/v2\/users\/72"}],"replies":[{"embeddable":true,"href":"https:\/\/przedszkole91.edu.wroclaw.pl\/index.php\/wp-json\/wp\/v2\/comments?post=459"}],"version-history":[{"count":11,"href":"https:\/\/przedszkole91.edu.wroclaw.pl\/index.php\/wp-json\/wp\/v2\/pages\/459\/revisions"}],"predecessor-version":[{"id":5294,"href":"https:\/\/przedszkole91.edu.wroclaw.pl\/index.php\/wp-json\/wp\/v2\/pages\/459\/revisions\/5294"}],"wp:attachment":[{"href":"https:\/\/przedszkole91.edu.wroclaw.pl\/index.php\/wp-json\/wp\/v2\/media?parent=459"}],"curies":[{"name":"wp","href":"https:\/\/api.w.org\/{rel}","templated":true}]}}